 - w. What are the prime factors of v?
2, 41
Suppose -6*u - 21 = 27. Let g = 15 + u. What are the prime factors of 2 + 92 - (-7)/g?
5, 19
Let r(j) = 160*j**2 + 8*j - 9. Let f be r(-5). Suppose -337 - f = -8*z. Suppose -4*w + z = 5*i - 8*w, -5*w = -2*i + 211. What are the prime factors of i?
2, 3
Let u be (42/8)/((-21)/(-140)). Suppose -3*s + u - 26 = 0. Suppose 4*l + l + s*r = 497, 0 = 4*r - 16. List the prime factors of l.
97
Suppose -121*q + 66340 = -111*q. List the prime factors of q.
2, 31, 107
Suppose -4*k + 4*m + 28 = 0, 5*m = 3*m - 6. Suppose k*u - 1127 = 1985. List the prime factors of u.
2, 389
Let c(i) be the third derivative of -i**4 - 4*i**3 + 15*i**2. Let u be c(-14). Suppose -3*x + f = -x - u, -2*f = 5*x - 762. What are the prime factors of x?
2, 7, 11
Let s = -8 - 0. Let k(d) = d**2 - 2*d. Let r be k(s). Suppose q = -q + r. List the prime factors of q.
2, 5
Let k(a) = a**3 - 6*a**2 + 2. Let j be 44/7 - 14/49. Let o be k(j). Suppose -o*z + 171 = -105. List the prime factors of z.
2, 3, 23
Let v(i) = -i**2 + 6*i + 23. Let f be v(9). Let b = f + 6. List the prime factors of 13 - 8 - 1*b - -120.
3, 41
Let f = -112 + -296. Let v = f + 605. List the prime factors of v.
197
Suppose -10*f = -1291 - 3609. Let j = f + -69. What are the prime factors of j?
421
What are the prime factors of 8/(-36) - (146702/(-9) + (6 - 2))?
2, 3, 7, 97
Let c(s) = 3*s + 21. Suppose -3*z = -3*y - z - 22, 2*y + z + 10 = 0. Let i be c(y). Suppose 2*t - 2*o = 4*t - 132, -6 = -i*o. What are the prime factors of t?
2
What are the prime factors of 24/(-2) - -17 - (-33356 - 3)?
2, 19, 439
Suppose -12*g + 356513 = -134606 + 148183. What are the prime factors of g?
2, 3, 11, 433
Let t = -57 - 0. Let c be 6/39 + 7242/78. Let a = t + c. List the prime factors of a.
2, 3
Let v = 284 + -212. Let h = v - -256. List the prime factors of h.
2, 41
Let c = 15329 - 4667. List the prime factors of c.
2, 3, 1777
Let h(k) = k**2 + 35*k + 12. Let x be h(-19). Let f = x - -733. What are the prime factors of f?
3, 7
Suppose 6*s - 3*s - 758 = 2*b, 0 = b + 4*s + 368. Let u = -109 - b. What are the prime factors of u?
3, 89
Let f(i) = -7*i + 7. Let j be f(2). Let g be j/5 - 2/(-5). What are the prime factors of 22/(-33)*(-220 - g)?
2, 73
What are the prime factors of (-7 - -9) + (-45)/21 - (-1686276)/28?
2, 941
Suppose 4*y - 410 = -5*d, 7*d - 4*y - 106 = 6*d. Suppose -d*z + 51*z = -2870. List the prime factors of z.
2, 41
Let l = 277 - 263. Let z(w) = -w**3 + 24*w**2 - 44*w - 23. What are the prime factors of z(l)?
1321
Suppose -6*n = -14*n - 1608. Let r be (n/(-4))/((-24)/(-32)). Suppose -174 = -4*z + 2*y, -2*z - 2*y - y = -r. List the prime factors of z.
41
Suppose 0 = -k + w + 106, -123 = -k + 2*w - 13. Suppose 0 = j + 5, k*v - 3*j = 98*v + 1567. List the prime factors of v.
2, 97
Let i(n) = 9*n + 347. Let c(b) = 5*b + 174. Let z(f) = -5*c(f) + 3*i(f). Let p be (21 + 215/(-10))/((-1)/(-12)) - -6. What are the prime factors of z(p)?
3, 19
Suppose 163239 = -56*f + 1124871. List the prime factors of f.
2, 3, 53
Let i(s) be the first derivative of -s**4/4 - 22*s**3/3 - 31*s**2/2 + 67*s - 170. What are the prime factors of i(-24)?
13, 151
Let z(p) = -39*p - 129. Let h be z(-21). Suppose 6*k - h = -660. List the prime factors of k.
5
Suppose 0 = -5*q + 13 - 38, 129 = -3*r - 3*q. Let m = r - -36. What are the prime factors of m - (1 + (1 - 8))?
2
Let q(a) = a**3 + 6*a**2 - 14*a - 16. Let f(d) = 7*d**3 + d**2 + 4*d - 5. Let j be f(1). What are the prime factors of q(j)?
523
Suppose -1 = u - 3*c - 0, 0 = -3*c - 3. List the prime factors of u*2/(-16) - 36108/(-24).
5, 7, 43
Let b be (9/12)/((-11)/(-176)). Suppose 5*m - a = 9, b + 2 = 5*m + 4*a. Suppose -933 = -3*h + m*v, 5*h = 4*h - 4*v + 325. List the prime factors of h.
313
Suppose 0 = -0*r - 5*r. Suppose -2*w = -l + 616, r = -l + 5 - 1. Let v = w - -433. What are the prime factors of v?
127
Let t(i) = -38*i**3 - 15*i**2 - 113*i - 19. List the prime factors of t(-5).
7, 19, 37
Suppose 3*h - 2*h = 10. Let j(b) = 9*b**2 - 66*b - 56. Let d be j(8). List the prime factors of (-178)/(-4)*(d + h).
89
Let j = -1001 - -4503. Suppose 4*z + 3517 = 5*b, -5*b + 10*b + z - j = 0. What are the prime factors of b?
701
Let a = -78 + -22. Let j = a + 121. Suppose -23*y + j*y + 392 = 0. What are the prime factors of y?
2, 7
Let b(k) = 10*k - 2. Let f be b(19). Suppose -f + 532 = 8*d. What are the prime factors of d?
43
Let u be (15/(-12))/(3/(-9 - 3)). What are the prime factors of 4/u*((-4468)/(-8) + -1)?
2, 223
What are the prime factors of (8 + 0)/(3/9378)*(-2)/(-3)?
2, 521
Let n(y) be the second derivative of 2*y**4/3 + 11*y**3/6 + 27*y**2/2 + 79*y. What are the prime factors of n(-3)?
2, 3, 11
List the prime factors of (-66 + 35)/(1/(-53)).
31, 53
Let l be (80/10)/(-4 - -8). What are the prime factors of (-5)/(l/2) + 278?
3, 7, 13
Let v = -201761 + 286691. List the prime factors of v.
2, 3, 5, 19, 149
Let z be ((-12)/14 - -1) + 1755/63. List the prime factors of (z*16)/((-40)/(-100)).
2, 5, 7
Let r(o) = 12*o + 3913. List the prime factors of r(0).
7, 13, 43
Let y(o) = 24*o**2 - 2*o - 1. Let c(z) = -z**3 - 7*z**2 + 26*z + 21. Let d be c(-10). Let k = d + -58. List the prime factors of y(k).
11, 19
What are the prime factors of ((-1)/(6/15340))/((-40)/(-8100)*-27)?
5, 13, 59
Let d(t) be the second derivative of -9*t + 6*t**2 - 1/3*t**4 + 0 - 1/10*t**5 + 13/6*t**3. List the prime factors of d(-5).
97
Let z(o) = -1609*o + 62. What are the prime factors of z(-5)?
11, 67
Suppose -2924 = -4*o + 2*z, -36*z + 2936 = 4*o - 35*z. List the prime factors of o.
733
Let i be (5/(-3)*-3)/(3/6). Let t be i/(-25) + (-36)/10. List the prime factors of t + (306/12)/(1/4).
2, 7
Let t be -57*16/(-24)*134/4. Suppose -2*q - 3*g + 649 = 0, 0*q + g - t = -4*q. What are the prime factors of q?
317
Suppose 4*u + 473 = -5*s, 3*s + 4*u + 279 = -0*s. Let a = 273 + s. Suppose -4*f - a = -6*f. What are the prime factors of f?
2, 11
Let h(u) = -8*u**2 + 17*u + 75. Let a be h(-7). List the prime factors of (-5 + -2)/(-1 + (-434)/a).
2, 7, 109
Suppose -g + 852 = 491. Suppose -363*i + g*i + 1670 = 0. What are the prime factors of i?
5, 167
Suppose 34*l - 20177 - 116197 = 0. List the prime factors of l.
3, 7, 191
Suppose 32*z - 186685 = 65539. Suppose -32*b + 25*b + z = 0. What are the prime factors of b?
2, 563
Suppose -5*r + 24129 - 76433 = -3*v, 4*v + 4*r - 69696 = 0. List the prime factors of v.
2, 4357
Suppose 1579 = 7*n - 815. What are the prime factors of n/1 - 0 - -4?
2, 173
Let b(d) = 4*d**2 + 17*d + 12. Let w be b(-12). Let a = 261 - w. List the prime factors of ((-12)/9)/(2/a).
2, 41
List the prime factors of 13/(-2) + (-353838)/(-12).
2, 5, 11, 67
Let l = 8743 + 1276. What are the prime factors of l?
43, 233
Suppose 35*m - 117 = -47. What are the prime factors of 167 + m + (-10 - -11)?
2, 5, 17
Suppose 5*y = -3*v + 7952, 3*v - 4*y - 5709 - 2288 = 0. Suppose -3*m + 5*m = -5*w + v, -5*w = -5*m + 6735. What are the prime factors of m?
2, 11, 61
Let a(h) = -462*h**3 - 3*h**2 - 24*h + 27. Let y(t) = 154*t**3 + t**2 + 8*t - 9. Let w(b) = -3*a(b) - 8*y(b). What are the prime factors of w(2)?
11, 113
Let i = 1527 - -2359. Suppose 17*o - i = 6739. What are the prime factors of o?
5
Suppose 5*o = -4*z - 1739, 5*z - 3*o = -249 - 1897. Let x = 1184 + z. List the prime factors of x.
3, 251
Let m(v) = v**2 - 25*v + 97. Let x(h) = -h**2 + 24*h - 96. Let l(a) = -2*m(a) - 3*x(a). List the prime factors of l(24).
2, 71
Suppose -2*m + 3*l = -6226, -97*l - 15611 = -5*m - 101*l. What are the prime factors of m?
3119
What are the prime factors of (48196/24)/(36/216)?
12049
What are the prime factors of 6/(-33) + ((-47875464)/154)/(-9)?
2, 3, 19, 101
Suppose -4*z = 2*y + 4, -4*y = 2*z + 1 - 11. List the prime factors of (((-192)/(-4))/z)/(2/(-64)).
2
Suppose 9*c = 2*u + 4*c - 6470, -2*u + 3*c + 6470 = 0. What are the prime factors of u?
5, 647
Suppose -3*l = -3*k + 4*k - 11, -10 = -2*k. Suppose l*v + 2*f = -0*f + 2, 3*v - 3*f = 15. What are the prime factors of ((-25)/v + 3)*78/(-8)?
2, 13
Let s = 14 + -7. Let y be s/(-28) + 101/4. Suppose r = 6*r + y, -5*l = r - 360. What are the prime factors of l?
73
Suppose 8*b = 14 + 18. Suppose 0 = -3*n + 5*r + 966, 0 = n - b*n - 5*r + 966. List the prime f